e 2*p - 149 = 3*o + 137, -4*p = -2*o - 572. Is p a multiple of 13?
True
Suppose 1 = -2*t - 3. Is 5 a factor of -2 - (-7)/(t/(-2))?
True
Let c be ((-2)/(-3))/(1/15). Let p = 25 - c. Let r = 21 - p. Is r a multiple of 3?
True
Suppose 294 = 6*l - 1176. Is l a multiple of 31?
False
Let o = 176 + -8. Does 8 divide o?
True
Let b(p) = p**3 + 9*p**2 + 8*p - 4. Let a be b(-8). Let s = a + 4. Suppose s = 5*t - 59 - 56. Does 15 divide t?
False
Let a = 2 + 1. Let f be (-159)/(-9) + (-2)/a. Suppose 5*s = -f + 62. Is s a multiple of 9?
True
Let z(j) = j**3 + 7*j**2 + 2*j + 5. Let k be z(-8). Let h = 6 - k. Is h a multiple of 27?
True
Suppose -2*v + 7*v + r = 72, -2*v + 5*r + 45 = 0. Does 2 divide v?
False
Let p(g) = -5*g + 4. Suppose -4*r - 32 = 4*a, -5*a + a - 5*r = 34. Does 11 divide p(a)?
False
Let z(m) = m**2 + m - 12. Let g be z(-8). Let w = -47 + 29. Let t = g + w. Does 11 divide t?
False
Let y(w) = w**3 - w**2 - w + 40. Does 20 divide y(0)?
True
Suppose -j = -6*j. Suppose j = 2*u + 3*u. Is (1 + u)/((-5)/(-85)) a multiple of 17?
True
Let v = 12 + -11. Suppose -13 = -2*c - v. Is 6 a factor of c?
True
Let a(k) = 5*k**3 - 2*k**2 + 9*k - 17. Let j(i) = 3*i**3 - i**2 + 5*i - 9. Let m(v) = 4*a(v) - 7*j(v). Does 13 divide m(-4)?
True
Let n(m) = -m**3 + 3*m**2 + 4. Let a be n(3). Suppose 0 = -6*j + a*j + 20. Is j a multiple of 6?
False
Let v(a) = 9*a - 2. Let m(d) = d. Let k(n) = 10*n - 3. Let c(r) = 2*k(r) + 6*m(r). Let l(f) = 6*c(f) - 17*v(f). Is l(7) a multiple of 19?
True
Let u(l) be the second derivative of l**4/12 + 2*l**3/3 + 3*l**2 - 6*l. Does 6 divide u(-6)?
True
Suppose 15 = 2*b + 3*b - v, -30 = -5*b - 2*v. Suppose -4*r = 5*z - 27, 2*z = b*r - 36 - 26. Does 13 divide r?
True
Suppose -4 = -c - 2*d, -3*c + 4*c = -5*d + 7. Let y = 10 - c. Let g(q) = -q**3 + 7*q**2 + 10*q - 11. Is g(y) a multiple of 5?
True
Let u(p) be the second derivative of p**4/12 + p**3/3 - 3*p**2 - p. Does 3 divide u(-5)?
True
Suppose -u - 4 + 0 = 0. Does 15 divide 31 + (u - (-4)/2)?
False
Let u = 191 + -129. Does 16 divide u?
False
Suppose 3*t = 4*i - 17 + 204, 5*t = -5*i + 370. Is t a multiple of 23?
True
Let x = -5 + 5. Suppose x = -5*g - 2*h + 332, 3*h = g - 0*g - 80. Let s = g - 46. Does 11 divide s?
True
Let l be ((-1)/(-3))/(3/(-9)). Let u be (-4 + 59)*3*l. Is u/10*(-4)/6 a multiple of 11?
True
Let c(f) = f + 6. Let y be c(-4). Suppose -2 = -2*d, -4*d = -z + 5 - 4. Suppose -2*i - 2*i + 4*m = -12, 41 = y*i + z*m. Is 8 a factor of i?
True
Suppose 4*i - 19 = l, 0*i - 3*l - 5 = i. Does 10 divide (-39)/(2/(i/(-2)))?
False
Suppose 2*n - 3*n = -54. Does 27 divide n?
True
Let a(h) be the third derivative of -h**6/360 + 3*h**5/40 + 5*h**4/24 + h**3/2 + 2*h**2. Let i(u) be the first derivative of a(u). Is 19 a factor of i(7)?
True
Suppose 0*y = -3*y - 15. Let r(g) = -g**3 - 5*g**2 - 5*g - 5. Let o be r(y). Suppose 3*m + u = -m + 76, 5*u - o = -2*m. Is 12 a factor of m?
False
Let d(r) = -10*r - 7. Is 20 a factor of d(-6)?
False
Let a be 0/(1 + 1 - -1). Suppose a = 5*r - 62 - 68. Is 13 a factor of r?
True
Let v = -43 + 9. Let s = 62 + v. Suppose 2*b + 0*r - r = s, -b + 14 = -4*r. Is 14 a factor of b?
True
Let k = -78 + 103. Does 17 divide k?
False
Suppose -6*f + 7 = -11. Suppose -3*p - 3*r + 81 = 0, -f*r = -5*p - 2*r + 141. Does 8 divide p?
False
Suppose 4*v + 138 = 678. Is 27 a factor of v?
True
Let g(z) = -2*z**2 + 12*z + z**2 - 6 - 1. Does 12 divide g(8)?
False
Let n = -2 - 4. Let y = n + 60. Is y a multiple of 18?
True
Suppose -3*x - 3 = 0, 0*l + 5*l + 5*x - 445 = 0. Suppose -l = -5*b - 0*b. Is 18 a factor of b?
True
Suppose -5*z = 50 - 160. Suppose s + 2 = z. Does 9 divide s?
False
Suppose 0 = -g - 8 + 1. Let u = 20 + g. Is 8 a factor of u?
False
Does 7 divide (-4)/10 - (-302)/5?
False
Let r(p) = -p**2 - 4*p + 1. Let i be r(-3). Let c = -10 + 14. Suppose -3*g = b - 33, i*g + 57 = c*b + g. Does 15 divide b?
False
Suppose 0 = 2*l + 2*m - 6, 5*l + 0*m = m + 15. Does 8 divide l/(-7) - 115/(-7)?
True
Suppose 0 = 6*i - 4*i. Let g(o) = o**3 + o**2 + o + 3. Let r be g(i). Suppose -r*k + 110 = 8. Is 17 a factor of k?
True
Let b = -2 + 4. Suppose 94 - 14 = b*y. Is 12 a factor of y?
False
Suppose -d - 551 = 5*a, 7*a - 4*a - 5*d + 353 = 0. Let u = a - -167. Is u a multiple of 28?
True
Suppose -8*j - 123 = -1083. Is j a multiple of 8?
True
Suppose -4*m + 3*r = -77, -5*r + r = -4. Let d = m + -1. Is 6 a factor of d?
False
Let p = 829 - 369. Suppose -2*m + p = -572. Is 17 a factor of (-1)/5 - m/(-30)?
True
Let u be ((-3)/5)/((-2)/30). Suppose -3*o = -38 - 43. Let y = o - u. Is 18 a factor of y?
True
Let j = 18 - -7. Is 10 a factor of j?
False
Suppose 5*k - 47 = -4*r, 3*k + 3*r - 31 = 2*r. Is k a multiple of 2?
False
Let a(v) = v**3 - 4*v**2 + 6*v + 4. Does 34 divide a(6)?
False
Let c = -10 + 17. Let z(b) = 5*b - 2. Does 16 divide z(c)?
False
Is 16 a factor of ((-48)/40)/3 - 482/(-5)?
True
Suppose 7*l - 5 = 2*l. Let a = 4 - l. Does 10 divide a/(-9) - (-122)/6?
True
Let d(r) = -r - 1. Is d(-8) a multiple of 5?
False
Suppose 8*a = 7*a + 7. Does 2 divide a?
False
Suppose 4 = 3*d - 3*z + 5*z, 0 = 3*z + 12. Suppose -5*x - 11 - d = 0. Does 2 divide (x + -2)*3/(-5)?
False
Suppose -3*t - 6 = 2*p + p, -t + 3*p = -18. Let j(s) = 4*s - 3 - t - s. Is 6 a factor of j(4)?
True
Suppose -394 - 614 = -9*w. Does 8 divide w?
True
Suppose -3*d = 5*l - 19, d - 11 = -l + 4*d. Suppose -5*c = 4*z - 6, 0*c + 10 = -l*c. Suppose 0 = -3*v + z*v - 48. Is v a multiple of 16?
True
Suppose -4*i + 159 = i + 3*h, 5*h + 142 = 4*i. Let q = -11 + i. Is 22 a factor of q?
True
Suppose 38 + 58 = 2*v. Let c = -22 + v. Does 8 divide c?
False
Suppose 0 = 4*y + 3 - 43. Suppose -2*a + 2*h = -y, -a + 0*h = 4*h + 5. Suppose 4*s + a*u = 25, u = -s + 2*u + 15. Is 10 a factor of s?
True
Suppose 3*y - 10 = -1. Suppose 0 = -2*m + y*h + 4, 0*m - 4*m - 32 = 4*h. Is (-71)/m - (-1)/4 a multiple of 9?
True
Let j(t) = t + 31. Suppose 9*w - 4*w - v = 26, 5*w + 2*v - 23 = 0. Suppose -w*f = -3*f. Is j(f) a multiple of 8?
False
Is 60 a factor of ((-9)/12*-5)/((-2)/(-136))?
False
Let b = 13 + -8. Suppose -5*a = 3*y - 167, -4*y = -b*a - 0*y + 139. Is 10 a factor of a?
False
Let m(j) = -3*j - 5. Does 22 divide m(-9)?
True
Let h be 0 - 1 - (-149 + -3). Suppose -c = 5*b - h, -b - 2*c - 2*c + 34 = 0. Is 21 a factor of b?
False
Let q(a) = -a**2 - 9*a - 2. Let v be q(-6). Does 22 divide v/3*(-30)/(-5)?
False
Let r = -22 - 26. Does 5 divide (6/(-8))/(2/r)?
False
Suppose -3*c - 2*c = 4*r + 4, 2*r - c = 12. Suppose -40 = r*i - 8*i. Is 5 a factor of i?
True
Suppose 2*h = 7*h + 20. Does 4 divide -14*-2*h/(-16)?
False
Is ((-248)/(-5))/4 + 6/(-15) a multiple of 12?
True
Is 48/112 - (-543)/7 a multiple of 6?
True
Let y be (4/(-10))/((-1)/5). Suppose j + 2*l - 35 = 16, -y*j + 95 = -3*l. Is j a multiple of 13?
False
Let a(x) = 7*x**2 - 4*x + 11. Is a(4) a multiple of 8?
False
Let d(b) = b**2 + b + 1. Let j(w) = 6*w**2 + 4*w + 40. Let m(h) = -5*d(h) + j(h). Let q be m(0). Let v = -18 + q. Is v a multiple of 14?
False
Let f(c) = 27*c**3 - 2*c**2 + 2*c - 1. Is 26 a factor of f(1)?
True
Suppose -y = d, 5*d + 40 = -0*d + 3*y. Let w = d - -9. Does 2 divide w?
True
Let k be 8/(-4) + 141/3. Suppose -3*f + 0*u + k = 4*u, f = -u + 16. Does 14 divide f?
False
Let a = 6 - 4. Suppose 18 = n + a*n. Let y = 11 - n. Does 4 divide y?
False
Suppose -6*u = -5*u + 83. Let s = u - -180. Is s a multiple of 31?
False
Let a be (-1 - 0 - 0) + -1. Let x(i) = -2*i - 2. Let t(s) = -4*s - 5. Let g(h) = a*t(h) + 5*x(h). Is 8 a factor of g(-8)?
True
Suppose 5*g + 15 = s, 2 = g - 0*g. Is 11 a factor of s?
False
Let y(l) = -l**2 - 19. Let c be y(0). Does 6 divide (13 - 8)*c/(-5)?
False
Suppose f - 5*l = -3*f + 682, -f - 2*l = -164. Is f a multiple of 29?
False
Let c(m) = m + 13. Let z be c(0). Let i = 6 + -10. Let p = z + i. Is p a multiple of 9?
True
Suppose 5*p = 3*r - 9, -3*r - 2 + 8 = -4*p. Let c(t) = 3*t**2 + 6*t - 4. Let n(x) = -7*x**2 - 11*x + 8. Let k(q) = r*n(q) - 5*c(q). Is k(-6) a multiple of 6?
False
Suppose 0 = -6*j + 196 + 164. Is j a multiple of 30?
True
Let s be 13/11 + (-2)/11. Suppose v - s = 2. Suppose -80 = -2*o - 0*o + v*l, -2*o - 4*l = -66. Is 11 a factor of o?
False
Suppose 4*n - 27 = 5*y, 2 = 2*y + 4*n + 24. Let g = y + 69. Let t = g - 38. Is t a multiple of 12?
True
Suppose 49 